{"id":2211,"date":"2020-11-17T11:57:55","date_gmt":"2020-11-17T10:57:55","guid":{"rendered":"http:\/\/www.lesfeuillesvertes.com\/site\/boutique\/"},"modified":"2025-08-21T14:43:54","modified_gmt":"2025-08-21T13:43:54","slug":"produits","status":"publish","type":"page","link":"https:\/\/www.lesfeuillesvertes.com\/site\/produits\/","title":{"rendered":"Produits"},"content":{"rendered":"\n<p>Dans un premier temps, nous mettons en vente une gamme de 10 th\u00e9s issus de l\u2019agriculture raisonn\u00e9e (garantis sans pesticide par laboratoire SGS). Vous y trouverez des repr\u00e9sentants des 6 familles de th\u00e9 chinois, que vous pourrez approvisionner.\u00a0<\/p>\n\n\n\n<p>Puisque les producteurs traversent une ann\u00e9e particuli\u00e8rement difficile, nous avons d\u00e9cid\u00e9 de vous proposer un coffret d\u00e9couverte de la gamme compl\u00e8te \u00e0 un prix r\u00e9duit, afin de soutenir les futures productions.&nbsp;<\/p>\n\n\n\n<p>Pour les amateurs qui souhaitent se procurer des th\u00e9s hors de cette s\u00e9lection, n\u2019h\u00e9sitez pas \u00e0 nous \u00e9crire pour nous adresser vos demandes particuli\u00e8res !&nbsp;<\/p>\n\n\n\n<hr class=\"wp-block-separator has-css-opacity is-style-default\"\/>\n","protected":false},"excerpt":{"rendered":"<p>Dans un premier temps, nous mettons en vente une gamme de 10 th\u00e9s issus de l\u2019agriculture raisonn\u00e9e (garantis sans pesticide par laboratoire SGS). Vous y trouverez des repr\u00e9sentants des 6 familles de th\u00e9 chinois, que vous pourrez approvisionner.\u00a0 Puisque les producteurs traversent une ann\u00e9e particuli\u00e8rement difficile, nous avons d\u00e9cid\u00e9 de vous proposer un coffret d\u00e9couverte&#8230;<\/p>\n","protected":false},"author":1,"featured_media":0,"parent":0,"menu_order":0,"comment_status":"closed","ping_status":"closed","template":"","meta":{"_acf_changed":false,"_mc_calendar":[],"footnotes":""},"class_list":["post-2211","page","type-page","status-publish","hentry","page-entry","loop-entry clr"],"acf":[],"_links":{"self":[{"href":"https:\/\/www.lesfeuillesvertes.com\/site\/wp-json\/wp\/v2\/pages\/2211","targetHints":{"allow":["GET"]}}],"collection":[{"href":"https:\/\/www.lesfeuillesvertes.com\/site\/wp-json\/wp\/v2\/pages"}],"about":[{"href":"https:\/\/www.lesfeuillesvertes.com\/site\/wp-json\/wp\/v2\/types\/page"}],"author":[{"embeddable":true,"href":"https:\/\/www.lesfeuillesvertes.com\/site\/wp-json\/wp\/v2\/users\/1"}],"replies":[{"embeddable":true,"href":"https:\/\/www.lesfeuillesvertes.com\/site\/wp-json\/wp\/v2\/comments?post=2211"}],"version-history":[{"count":11,"href":"https:\/\/www.lesfeuillesvertes.com\/site\/wp-json\/wp\/v2\/pages\/2211\/revisions"}],"predecessor-version":[{"id":4282,"href":"https:\/\/www.lesfeuillesvertes.com\/site\/wp-json\/wp\/v2\/pages\/2211\/revisions\/4282"}],"wp:attachment":[{"href":"https:\/\/www.lesfeuillesvertes.com\/site\/wp-json\/wp\/v2\/media?parent=2211"}],"curies":[{"name":"wp","href":"https:\/\/api.w.org\/{rel}","templated":true}]}}