{"id":2281,"date":"2020-11-17T15:10:52","date_gmt":"2020-11-17T14:10:52","guid":{"rendered":"http:\/\/www.lesfeuillesvertes.com\/site\/?post_type=product&#038;p=2281"},"modified":"2025-08-21T15:21:46","modified_gmt":"2025-08-21T14:21:46","slug":"hong-guan-yin-the-rouge","status":"publish","type":"product","link":"https:\/\/www.lesfeuillesvertes.com\/site\/produit\/hong-guan-yin-the-rouge\/","title":{"rendered":"Hong Guan Yin"},"content":{"rendered":"","protected":false},"excerpt":{"rendered":"<p>Un fabuleux th\u00e9 rouge contemporain, \u00e9labor\u00e9 \u00e0 partir d\u2019un cultivar de Wulong, Hongxin Tie Guan Yin. Le producteur de ce th\u00e9 traite habituellement des Tie Guan Yin, classiques et modernes, qui sont les plus connus des th\u00e9s Wulong de Anxi. Le jardin est un vrai paradis pour les th\u00e9iers, avec une biodiversit\u00e9 intacte et sans utilisation de pesticides.<\/p>\n<p>Ce th\u00e9 donne un parfum cacaot\u00e9 et des notes fruit\u00e9es, un go\u00fbt moelleux, onctueux et long en bouche.<\/p>\n<p><strong>Date de production :<\/strong> printemps 2024\/2025<br \/>\n<strong>Producteur :<\/strong> Ma\u00eetre Yang.<br \/>\n<strong>Situation des jardins :<\/strong>\u00a0 Bijiashan, Anxi, Fujian, Chine.<br \/>\n<strong>Altitude des jardins :<\/strong> 700 .<br \/>\n<strong>Cultivar\u00a0:<\/strong> Hongxin Tie Guan Yin.<br \/>\n<strong>Infusions multiples :<\/strong> 90\u00b0C\/5-10g\/10-50cl.<br \/>\n<strong>Conditionnement :<\/strong> 40g<\/p>\n","protected":false},"featured_media":4267,"template":"","meta":{"_acf_changed":false},"product_brand":[],"product_cat":[52],"product_tag":[],"class_list":{"0":"post-2281","1":"product","2":"type-product","3":"status-publish","4":"has-post-thumbnail","6":"product_cat-the-de-chine","7":"product-entry","8":"loop-entry clr","10":"first","11":"instock","12":"shipping-taxable","13":"purchasable","14":"product-type-simple"},"acf":[],"_links":{"self":[{"href":"https:\/\/www.lesfeuillesvertes.com\/site\/wp-json\/wp\/v2\/product\/2281","targetHints":{"allow":["GET"]}}],"collection":[{"href":"https:\/\/www.lesfeuillesvertes.com\/site\/wp-json\/wp\/v2\/product"}],"about":[{"href":"https:\/\/www.lesfeuillesvertes.com\/site\/wp-json\/wp\/v2\/types\/product"}],"wp:featuredmedia":[{"embeddable":true,"href":"https:\/\/www.lesfeuillesvertes.com\/site\/wp-json\/wp\/v2\/media\/4267"}],"wp:attachment":[{"href":"https:\/\/www.lesfeuillesvertes.com\/site\/wp-json\/wp\/v2\/media?parent=2281"}],"wp:term":[{"taxonomy":"product_brand","embeddable":true,"href":"https:\/\/www.lesfeuillesvertes.com\/site\/wp-json\/wp\/v2\/product_brand?post=2281"},{"taxonomy":"product_cat","embeddable":true,"href":"https:\/\/www.lesfeuillesvertes.com\/site\/wp-json\/wp\/v2\/product_cat?post=2281"},{"taxonomy":"product_tag","embeddable":true,"href":"https:\/\/www.lesfeuillesvertes.com\/site\/wp-json\/wp\/v2\/product_tag?post=2281"}],"curies":[{"name":"wp","href":"https:\/\/api.w.org\/{rel}","templated":true}]}}