{"id":2283,"date":"2020-11-17T15:19:19","date_gmt":"2020-11-17T14:19:19","guid":{"rendered":"http:\/\/www.lesfeuillesvertes.com\/site\/?post_type=product&#038;p=2283"},"modified":"2025-08-21T15:20:56","modified_gmt":"2025-08-21T14:20:56","slug":"gong-ting-pu-er-the-sombre","status":"publish","type":"product","link":"https:\/\/www.lesfeuillesvertes.com\/site\/produit\/gong-ting-pu-er-the-sombre\/","title":{"rendered":"Gong Ting Pu Er"},"content":{"rendered":"","protected":false},"excerpt":{"rendered":"<h3><\/h3>\n<p>Gong Ting signifie \u00ab\u00a0La cour de l\u2019empereur\u00a0\u00bb ou \u00ab\u00a0Le palais de l&#8217;empereur\u00a0\u00bb. Le nom de ce th\u00e9 d\u00e9signe une tr\u00e8s haute qualit\u00e9 de Pu\u2019er en vrac qui contient des jeunes pousses. La liqueur rouge profonde d\u00e9veloppe des ar\u00f4mes de cacao, de sous-bois, de terre, \u2026 L\u2019infusion sucr\u00e9e, suave et douce en bouche est typique de ce type de Pu\u2019er cuit (Shu).<\/p>\n<p><strong>Date de production :<\/strong> 2014<br \/>\n<strong>Productrice :<\/strong> Madame Ding.<br \/>\n<strong>Situation des jardins :<\/strong> Lincang, Yunnan, Chine.<br \/>\n<strong>Altitude des jardins :<\/strong> 1400 m.<br \/>\n<strong>Cultivar :<\/strong> Yunnan Daye.<br \/>\n<strong>Fa\u00e7on de cultiver :<\/strong> en \u00e9tat naturel.<br \/>\n<strong>\u00c2ge des th\u00e9iers :<\/strong> 70 ans.<br \/>\n<strong>Infusions multiples :<\/strong> 100\u00b0C\/5-10g\/10-50cl.<br \/>\n<strong>Conditionnement :<\/strong> 50g<\/p>\n","protected":false},"featured_media":4268,"template":"","meta":{"_acf_changed":false},"product_brand":[],"product_cat":[52],"product_tag":[],"class_list":{"0":"post-2283","1":"product","2":"type-product","3":"status-publish","4":"has-post-thumbnail","6":"product_cat-the-de-chine","7":"product-entry","8":"loop-entry clr","10":"first","11":"instock","12":"shipping-taxable","13":"purchasable","14":"product-type-simple"},"acf":[],"_links":{"self":[{"href":"https:\/\/www.lesfeuillesvertes.com\/site\/wp-json\/wp\/v2\/product\/2283","targetHints":{"allow":["GET"]}}],"collection":[{"href":"https:\/\/www.lesfeuillesvertes.com\/site\/wp-json\/wp\/v2\/product"}],"about":[{"href":"https:\/\/www.lesfeuillesvertes.com\/site\/wp-json\/wp\/v2\/types\/product"}],"wp:featuredmedia":[{"embeddable":true,"href":"https:\/\/www.lesfeuillesvertes.com\/site\/wp-json\/wp\/v2\/media\/4268"}],"wp:attachment":[{"href":"https:\/\/www.lesfeuillesvertes.com\/site\/wp-json\/wp\/v2\/media?parent=2283"}],"wp:term":[{"taxonomy":"product_brand","embeddable":true,"href":"https:\/\/www.lesfeuillesvertes.com\/site\/wp-json\/wp\/v2\/product_brand?post=2283"},{"taxonomy":"product_cat","embeddable":true,"href":"https:\/\/www.lesfeuillesvertes.com\/site\/wp-json\/wp\/v2\/product_cat?post=2283"},{"taxonomy":"product_tag","embeddable":true,"href":"https:\/\/www.lesfeuillesvertes.com\/site\/wp-json\/wp\/v2\/product_tag?post=2283"}],"curies":[{"name":"wp","href":"https:\/\/api.w.org\/{rel}","templated":true}]}}