{"id":4275,"date":"2025-08-20T10:55:08","date_gmt":"2025-08-20T09:55:08","guid":{"rendered":"https:\/\/www.lesfeuillesvertes.com\/site\/?post_type=product&#038;p=4275"},"modified":"2025-08-21T15:19:16","modified_gmt":"2025-08-21T14:19:16","slug":"mo-li-long-zhu","status":"publish","type":"product","link":"https:\/\/www.lesfeuillesvertes.com\/site\/produit\/mo-li-long-zhu\/","title":{"rendered":"Mo Li Long Zhu"},"content":{"rendered":"","protected":false},"excerpt":{"rendered":"<p style=\"font-weight: 400;\">Anciennement connu sous le nom de Dongsheng Tea House, cette\u00a0manufacture a \u00e9t\u00e9 fond\u00e9e en 1858 par la famille Changle Lin, le \u00ab\u00a0patrimoine mondial du th\u00e9 au jasmin\u00a0\u00bb.<\/p>\n<p style=\"font-weight: 400;\">Les feuilles r\u00e9colt\u00e9es du printemps sont roul\u00e9es manuellement sous forme des perles et trait\u00e9es comme le th\u00e9 vert. Il fallait attendre jusqu\u2019au mois d\u2019ao\u00fbt, la saison du jasmin pour faire contacter avec les boutons de jasmins qui s\u2019ouvrent et exhalent son parfum sur le th\u00e9 vert en perle. Ce Mo Li Long Zhu est pass\u00e9 quatre fois les m\u00eames processus de production, en fin d\u2019obtenir une qualit\u00e9 supr\u00eame de Perles de jasmins. Elles sont douces et parfum\u00e9es, donnent une infusion claire et brillante.<\/p>\n<p style=\"font-weight: 400;\"><strong>Date de production :<\/strong> printemps \u2013\u00a0\u00e9t\u00e9 2025<br \/>\n<strong>Producteur :<\/strong>\u00a0Dong Lai.<br \/>\n<strong>Situation des jardins :<\/strong>\u00a0\u00a0Fuzhou, Fujian, Chine.<br \/>\n<strong>Altitude des jardins :<\/strong> 600\u00a0m \u2013 800m.<br \/>\n<strong>Cultivar\u00a0:<\/strong> Fuding dabai et fleurs de jasmin<br \/>\n<span style=\"font-weight: 400;\"><strong>Infusions multiples :<\/strong> 90\u00b0C\/5-10g\/10-50cl.<\/span><\/p>\n","protected":false},"featured_media":4276,"template":"","meta":{"_acf_changed":false},"product_brand":[],"product_cat":[52],"product_tag":[],"class_list":{"0":"post-4275","1":"product","2":"type-product","3":"status-publish","4":"has-post-thumbnail","6":"product_cat-the-de-chine","7":"product-entry","8":"loop-entry clr","10":"first","11":"instock","12":"shipping-taxable","13":"purchasable","14":"product-type-simple"},"acf":[],"_links":{"self":[{"href":"https:\/\/www.lesfeuillesvertes.com\/site\/wp-json\/wp\/v2\/product\/4275","targetHints":{"allow":["GET"]}}],"collection":[{"href":"https:\/\/www.lesfeuillesvertes.com\/site\/wp-json\/wp\/v2\/product"}],"about":[{"href":"https:\/\/www.lesfeuillesvertes.com\/site\/wp-json\/wp\/v2\/types\/product"}],"wp:featuredmedia":[{"embeddable":true,"href":"https:\/\/www.lesfeuillesvertes.com\/site\/wp-json\/wp\/v2\/media\/4276"}],"wp:attachment":[{"href":"https:\/\/www.lesfeuillesvertes.com\/site\/wp-json\/wp\/v2\/media?parent=4275"}],"wp:term":[{"taxonomy":"product_brand","embeddable":true,"href":"https:\/\/www.lesfeuillesvertes.com\/site\/wp-json\/wp\/v2\/product_brand?post=4275"},{"taxonomy":"product_cat","embeddable":true,"href":"https:\/\/www.lesfeuillesvertes.com\/site\/wp-json\/wp\/v2\/product_cat?post=4275"},{"taxonomy":"product_tag","embeddable":true,"href":"https:\/\/www.lesfeuillesvertes.com\/site\/wp-json\/wp\/v2\/product_tag?post=4275"}],"curies":[{"name":"wp","href":"https:\/\/api.w.org\/{rel}","templated":true}]}}